Let d be h(f). What is the units digit of 39/(-12) + d - 205/(-4)?
1
Let o = 78 + -60. Let h be 48/o*(1 + 2). Suppose -3*a + 572 = h*a. What is the tens digit of a?
5
Let c(p) = 2860*p - 1379. What is the units digit of c(15)?
1
Let h(j) be the third derivative of -7*j**4/12 - 13*j**3/3 + 6*j**2. Suppose 20 + 25 = -15*w. What is the units digit of h(w)?
6
Suppose 0 = -8*y + u - 0*u + 401006, -4*y + 3*u + 200498 = 0. What is the hundreds digit of y?
1
Let t be 200/30 + (-4)/6. Suppose -k - 290 = -t*k. What is the tens digit of k/((0 - 1) + 3)?
2
Suppose 2*w + 4*a - 810 = 0, -4*w + 3*a = 5*a - 1638. What is the units digit of w?
1
Let m(h) = h**3 + 21*h**2 - 39*h + 44. Let v be m(-19). Suppose -2*t + 287 + v = 0. What is the units digit of t?
7
Suppose 465 = -0*m - 5*m. Let v = m + 220. Suppose 8*r - 623 = -v. What is the units digit of r?
2
Suppose 15*p = 401 - 56. Suppose 0 = 40*h - p*h - 10523. What is the units digit of h?
9
Let h(z) = -3*z**3 - 2*z**2 - 2 + 4*z - 10*z**2 + 5. Let g be h(-6). Suppose -2*k - 17 = -g. What is the tens digit of k?
8
Let x be 240/32*32/(-10). Let n be ((-16)/14)/(26/(-91)). What is the units digit of n*(314/88 + x/(-132))?
5
Let v = -11643 - -12728. What is the hundreds digit of v?
0
Let u(w) = -93*w - 1 - 1000*w**3 - 2 + 348*w**3 + 91*w. What is the hundreds digit of u(-1)?
6
Suppose 110 = -4*t + 642. Suppose -76 + t = 3*j. What is the tens digit of j?
1
What is the tens digit of (-1 + 329)*(-136 + 137)*26?
2
Suppose -5*n + 5 = 4*i + i, 5*i - 2*n = -30. Let j = 280 - i. What is the units digit of j?
4
Let m = 11672 - 7814. What is the hundreds digit of m?
8
Suppose 2*j + j - 12 = -l, 2*l - 3 = j. Let q(x) = 3 - l + 9*x - 8 - x - x**2. What is the units digit of q(5)?
7
Let y(o) be the first derivative of -7*o**2 + 8*o + 1. Let r be y(-2). Suppose -131 = -s + r. What is the tens digit of s?
6
Suppose 24*u + 14238 = 26*u - 4*g, 28458 = 4*u + g. What is the hundreds digit of u?
1
Suppose 3*w - 5*b - 12516 = 0, -140*w - 2*b + 4194 = -139*w. What is the thousands digit of w?
4
Suppose 3*o + f - 1180 = 0, -4*o - 3*f = -850 - 720. Suppose 452 = 4*g - 2*z + 1218, 358 = -2*g - 4*z. Let t = o + g. What is the units digit of t?
5
Suppose 2*v = -3*f + 7548 + 6981, 0 = -5*v - 15. What is the thousands digit of f?
4
Suppose 4*j - 2576 - 6906 = 14366. What is the units digit of j?
2
Suppose s = -l + 51500, 3*l + 1 = -14. What is the ten thousands digit of s?
5
Let x(n) = 2*n**3 + 40*n**2 + n + 3. What is the ten thousands digit of x(27)?
6
Suppose 10*z - 3*p = 7*z + 120, 0 = -z + 5*p + 48. Suppose -4*r - 26 + z = 0. What is the tens digit of 394/9 - (r + 174/(-54))?
4
Let t be (-1 - 6/4)*(-24)/15. What is the tens digit of (1 - 809)/(t*(-10)/40)?
0
Let y = -5187 + 9191. What is the units digit of y?
4
Let p = -6627 - -13995. What is the thousands digit of p?
7
Let b = 17493 - 8883. What is the tens digit of b?
1
Suppose 0 = -14*w - 6160 - 420. Let g = -264 - w. What is the units digit of g?
6
Suppose -b + n = 4*b - 2728, 5*n = 5*b - 2740. What is the tens digit of b?
4
Suppose 4*o = -3*w + 7620, -4226 - 865 = -2*w + o. What is the tens digit of w?
4
Let k be (-2)/(-6)*(3 - -3). Suppose -2*z = p - 12, 0*p - p - 8 = -k*z. Suppose 2*l + 112 = 4*g + l, 0 = -g + z*l + 9. What is the tens digit of g?
2
Let u(i) = -19*i - 1. Let w(p) = 27*p + 5 + 0 - 4 + 10*p. Let o(h) = 11*u(h) + 6*w(h). What is the units digit of o(1)?
8
Let d = -11100 - -30518. What is the hundreds digit of d?
4
Suppose 2*o = -2*b + 156, 5*o = 2*o - 5*b + 234. Suppose -6 = -j - o. Let d = -9 - j. What is the tens digit of d?
6
Let j(z) be the third derivative of z**8/5040 - z**6/72 - z**5/12 - z**2. Let t(w) be the third derivative of j(w). What is the tens digit of t(5)?
9
Let m(a) be the first derivative of a**3/3 - 14*a**2 + 58*a - 185. What is the units digit of m(-21)?
7
Let w = -13 + 20. Suppose 0 = a - 5*q - 1626, -7*a + 6435 = -3*a + 3*q. Suppose 0 = -w*i + a - 113. What is the tens digit of i?
1
Suppose -8*z + 10*z - 16196 = 5*r, -5*z = -4*r - 40473. Suppose -15*x = -7177 - z. What is the units digit of x?
8
Suppose 10 = -67*a + 72*a. Suppose -6 = a*m, -2*m - 2*m = -l + 381. What is the tens digit of l?
6
Let m = 14848 + -14451. What is the tens digit of m?
9
Let a = 14351 + 1143. What is the tens digit of a?
9
Suppose 0 = o - 3*j - 5548, -5*j = 2*o - 7*j - 11084. What is the thousands digit of o?
5
Suppose -z = -58 + 55. Suppose 0 = 2*t + 3*f + z - 12, 3*t = 3*f - 9. Suppose t = 3*b - 34 - 338. What is the hundreds digit of b?
1
Let v(m) = 106*m**3 - 21*m**2 + 40*m - 159. What is the hundreds digit of v(4)?
4
Suppose 0 = 10*r + 31 + 89. Suppose -m = -5*c + 3823, 0 = -2*m - 5*c - 8785 + 1184. What is the hundreds digit of m/(-36) - r/54?
1
Let w = 2 - -2. Let x(n) = -7 - 5*n - w - 8*n + 4*n. What is the units digit of x(-4)?
5
Suppose -b + 3*a = -4423, -2561*a = -2557*a + 28. What is the thousands digit of b?
4
What is the hundreds digit of ((-6)/9)/(11/(16618140/(-12)))?
9
Let x = -3106 + 5860. Let b = x - 1081. What is the units digit of b?
3
Let a = -32 - -38. Suppose -a = -2*s + 8. Suppose -4*h = -s*h + 240. What is the tens digit of h?
8
Let o be ((-4)/(-35))/(58/145) + 52/14. Let f = -429 - -699. Suppose -o*h + f = h. What is the units digit of h?
4
Let a(y) = 1227*y + 608. What is the hundreds digit of a(4)?
5
Let u(h) = -h**2 + 17*h - 55. Let l be u(9). Suppose 3*d - 2*v = 1262, 0 = d - 12*v + l*v - 398. What is the units digit of d?
8
Suppose -3*s - 3*d = -118563, -62*s - 2*d + 197590 = -57*s. What is the tens digit of s?
1
Let c be -20*(-11 + 5 + -4). Let k = c - 8. Suppose 5*z = z + k. What is the units digit of z?
8
What is the hundreds digit of (-331704)/(-24) - 6*2?
8
Let l(t) = 29*t**2 + t - 1. Let b = -69 - -71. Let h be (4 + b)*(-2)/24*-2. What is the units digit of l(h)?
9
Let b = -93 - -102. Let d(z) = 10*z**2 - 18*z**2 + 4*z**2 - 14*z - z**3 - b. What is the units digit of d(-5)?
6
Let r(s) = s**3 + 3*s + 14. Let m be r(0). Suppose 8*i - m*i = -1416. What is the units digit of i?
6
Let x = 2232 - 1784. What is the tens digit of x?
4
Let c(s) = -s**2 - 13*s - 37. Let p be c(-10). Let t(u) = 6*u + 44. Let x be t(p). Suppose 5*n - 1 - 2 = 4*m, 9 = x*n + m. What is the units digit of n?
3
Let l(o) = -479*o + 3604. What is the hundreds digit of l(-33)?
4
Let j be (-2)/(-3) + 300/(-18) + 4. What is the tens digit of (2/j*2)/(4/(-1812))?
5
Suppose 1848 = 405*a - 402*a. Suppose -m = q - 616, q - a = 10*m - 7*m. What is the hundreds digit of q?
6
Suppose -j - 93082 = -4*s, 3*s + 6324 = -5*j + 76101. What is the ten thousands digit of s?
2
Let p be 3*4/(-20) + (-9)/(-15). Suppose 3*x + 529 = -5*u - 400, -4*u + 20 = p. Let k = -202 - x. What is the units digit of k?
6
Suppose -4*o + x = 3*x - 3156, -3*o - 5*x + 2353 = 0. Let g = -428 + o. What is the hundreds digit of g?
3
Let h = -1053 - -1502. Suppose -10*d + h + 611 = 0. What is the units digit of d?
6
Let p(z) = -1564*z - 173. What is the ten thousands digit of p(-11)?
1
Let d = 21201 - 14206. What is the tens digit of d?
9
Let k(a) = 8*a + 51. Let r be k(-7). Let g be (r/(-20))/((-2)/(-2504)). Let l = g - 191. What is the tens digit of l?
2
Let w be 1/(-3) + -10*(-3)/9. Suppose -w*g = 0, 640 = -3*r + 5*g + 2011. What is the hundreds digit of r?
4
Suppose 0 = -w - 4*n + 10190, 0 = 2*w + 5*n - 13664 - 6731. What is the units digit of w?
0
Let f = 11114 - 6126. What is the tens digit of f?
8
Suppose m - 5*m - 3*k = -214325, -5*k = -35. What is the ten thousands digit of m?
5
Let n = 12 + -14. Let o be (-3 - (-4)/1) + n + 185. Suppose -4*f + o = -5*q - 53, -327 = -5*f - 4*q. What is the units digit of f?
3
Let m(q) = 2*q**3 + 21*q**2 + 9*q + 1. Let y be m(-9). Let j = y - -74. What is the units digit of j?
7
What is the ten thousands digit of -2 + 18/(((-4)/254)/(-2 - 17))?
2
Suppose 6*a - 22 = -4*c + 9*a, -c - a = -2. Suppose -2*s - 5*w = -708, 0 = s - c*w + w - 354. What is the hundreds digit of s?
3
Let t(p) = 151*p**2 - 411*p - 72. What is the tens digit of t(17)?
8
Let o(p) be the third derivative of 17*p**6/60 + p**5/30 - p**4/12 + p**3/6 + 15*p**2. Let h be o(1). Suppose 435 = 8*s + h. What is the units digit of s?
0
Let h = -765 - -11589. What is the ten thousands digit of h?
1
Sup